 - 5*h, -5*h = -i. What is the units digit of d?
2
Let g(h) = h**3 - 4*h**2 - 7*h - 7. Let v be g(6). Let b = v - 16. What is the units digit of b?
7
Suppose -o = 3*o + 2*p - 278, -5*p + 159 = 2*o. What is the units digit of o?
7
Let s(b) = 2*b**2 + 12*b + 9. What is the tens digit of s(-9)?
6
Suppose -2*f = -5 - 11. What is the units digit of f?
8
Let x(i) = 2*i**2 - 12*i - 7. What is the units digit of x(7)?
7
Let q(i) = i**3 + 3*i**2 + 5*i - 2. What is the units digit of q(3)?
7
Let z(f) = -f**3 - 7*f**2 - 5*f - 2. Let r be z(-6). Let c = 11 - r. What is the units digit of c?
9
Suppose i - 2*i + 11 = -5*d, 2*d = -4*i - 22. What is the units digit of (-52)/(-10) - d/(-15)?
5
Suppose 4*i = 0, -128 = -5*j + 3*j + 5*i. What is the units digit of j?
4
Suppose -4 = 2*z - 4*k, -6*z = -z - 2*k - 14. Let j = z + 23. What is the tens digit of j?
2
Suppose 7 = -5*a + 3*x + 39, x = -2*a + 4. Let j = 12 - a. What is the units digit of j?
8
Let m(h) = h**3 - 7*h**2 + 8*h - 7. Let b be m(6). Let u be -2*(329/(-2))/7. Suppose 0 = b*n + 3*x - 60, -2*n = n + 4*x - u. What is the units digit of n?
9
Let w be (-2)/(3 + -1) + 6. Suppose 32 = 5*b - 4*g, w*g + 26 + 4 = 5*b. What is the units digit of b?
8
Suppose -2*t + 5*t + 6 = 0. Let r be t/(-5)*(1 - -29). Suppose 0*z - 2*z + r = 5*v, z = -5*v + 6. What is the units digit of z?
6
Suppose -7 = 2*v - 5. What is the tens digit of (v + 2)/((-6)/(-138))?
2
Let y be (-1)/(-3) + 44/12. Suppose -h + 10 = y. What is the units digit of h?
6
Let m(n) = -n**3 + 6*n**2 - 4*n. Suppose -4*v + 7 + 13 = 0. Let y be m(v). Suppose 0 = -p + 5*u - 6 - 0, y*p = 2*u + 39. What is the units digit of p?
9
Let l = 1 - 1. Suppose 5*t = t + 4*i - 4, t + 5*i - 5 = l. Suppose -4*m = -5*v + 45, 2*v - 2*m - 16 = -t*m. What is the units digit of v?
3
What is the tens digit of 40/2 - (1 + -2)?
2
Suppose 0 = 3*f - 13 - 2. Suppose 5*w - 55 = -5*x, 0 = 3*w - f*w + x + 13. What is the units digit of w?
8
Suppose -5*g = -3*f + 17, 3*f + 3*g + 19 = 4. What is the tens digit of (1 - f)/(4/30)?
1
Let n(u) = u - 1. Let k(x) = 4*x**2 - x - 1. Let y be k(-1). Let b be n(y). Suppose -9 = -t + v + 3*v, 0 = -2*t - b*v + 7. What is the units digit of t?
5
Let r = -4 - -6. Let d(i) = 2*i**2 + 4 + 0 + 2 - 5. What is the units digit of d(r)?
9
What is the units digit of (21/(-15) - -1)/(1/(-185))?
4
Let j(r) = r - 15. Let b be j(0). Let l = b - -9. Let t = l - -14. What is the units digit of t?
8
Suppose -4*j - 4 = 4. Let n = j - 1. Let s = 7 + n. What is the units digit of s?
4
Let w = -5 - -7. Let t = 12 - w. What is the tens digit of t?
1
Let r = 25 - 8. What is the tens digit of r?
1
What is the tens digit of 211/2 + (8 - 75/10)?
0
What is the hundreds digit of ((-1888)/128)/(15/16 + -1)?
2
Let i = 18 - 17. What is the units digit of (-424)/(-20) - i/5?
1
Suppose 0 = f - 4*o - 93, 61 = f - 5*o - 36. Suppose 5*t + z + 3 = 99, 4*t = -z + f. What is the tens digit of t?
1
Suppose -12 = -4*b, -2*q + 3*b = -5 - 14. Let v = q + -6. What is the units digit of v?
8
Suppose 5*r - 310 = -5*w + 3*r, -3*w + 172 = 4*r. What is the units digit of w?
4
Let f(b) = 25*b**2 - 4*b - 3. What is the tens digit of f(-3)?
3
Let n(p) = 0 - 20 - 2*p**2 + 13*p + 3*p**2 + 1. What is the tens digit of n(-16)?
2
Suppose 0*n - 24 = -2*n. Let a(r) = -r + 8. Let p be a(6). Suppose -2 = p*c + q - 10, -3*q = n. What is the units digit of c?
6
Let i(k) = -k + 1. Let x(a) = -a. Suppose 2*f = -q + 5, 2*q - 4*q - f + 4 = 0. Let o(h) = q*x(h) - 3*i(h). What is the units digit of o(3)?
3
Let a(n) = -2*n**3 - 4*n**2 + 3*n**2 - 1 + n**3. Let j be a(-3). Suppose -j = -3*o + g, -35 = -3*o + 4*g - 3. What is the units digit of o?
4
Let a = -217 + 388. Suppose -3*c - a = -4*k, k - 81 = -k + 3*c. Suppose -4*o + k + 7 = 4*h, 0 = -3*h - 4*o + 37. What is the units digit of h?
5
What is the tens digit of 184 + (-8 + 3 - -9)?
8
Let b = 76 - 46. Let i be ((-56)/(-12))/((-4)/(-6)). What is the units digit of b/i + 4/(-14)?
4
Let x = 238 + -127. Suppose -x = -3*h - c - c, 3*c = -5*h + 186. Suppose -3*q = -5*j - h + 10, -q + 9 = -2*j. What is the tens digit of q?
1
Suppose -f + 18 = 3. What is the units digit of f?
5
Let x = -56 - -82. Suppose n = x + 11. What is the units digit of n?
7
Let n be (-1*15)/(2 + -1). Let v = n + 21. What is the units digit of v?
6
Let c(u) = u**3 + 8*u**2 - u - 2. Let m be c(-8). Let n be 4/m + 11/(-3). Let l = n - -6. What is the units digit of l?
3
Let v = -11 + 19. Suppose -2*w = c - 5*w + v, 8 = -4*c + 4*w. What is the units digit of c?
1
Let c be 0*3/6 + 6. Let z be 33/c - (-3)/6. Let l(r) = -r**3 + 5*r**2 + 7*r + 4. What is the tens digit of l(z)?
1
Suppose -4*s + 15 = -y, y - 3 + 6 = s. Suppose 0 = -s*z + 5*k + 86, 2*z - 5*z - 5*k = -47. What is the tens digit of z?
1
Suppose -2*s = 2*q + 4, -2*q + 5*q = s + 2. Let i be 15/6*s*1. What is the units digit of 2/((-16)/i - 3)?
0
What is the tens digit of ((-4)/(-10))/(1/205)?
8
Let p be ((-32)/(-5))/(2/10). Let z = 60 - p. What is the units digit of z?
8
Suppose -2*q + 59 + 21 = 2*g, 2*g = 3*q - 140. Let n = q + -30. What is the tens digit of n?
1
Let k(r) be the second derivative of -r**5/4 - r**2 - 2*r. What is the units digit of k(-2)?
8
Let r(m) = -3*m**3 - m**2 - 2*m - 2. What is the tens digit of r(-2)?
2
Let c be (-1*2)/(10/(-15)). What is the tens digit of (-184)/(-12) - 1/c?
1
Let g = 396 + -190. What is the units digit of g?
6
Let q(f) = -f**3 - 8*f**2 - 4*f - 8. Let x be q(-8). Suppose b = 4*b - x. What is the units digit of b?
8
Suppose 5*i = -0 + 10. Suppose i*m = -17 + 3. Let a = m + 19. What is the units digit of a?
2
Suppose -5*v + 10 = -0*v. Let d(q) = -q**2 - 7*q - 4. Let p be d(-5). Suppose -a + p = v*a. What is the units digit of a?
2
Let z = -5 + -10. What is the units digit of (-125)/z + 3/(-9)?
8
Let a(q) be the first derivative of 5*q**2/2 - q + 2. Let u be a(1). Suppose 20 = u*g - 0. What is the units digit of g?
5
Let o(w) = w**3 - 2*w**2 + 5*w. What is the units digit of o(4)?
2
Let a(p) = -4*p**2 + 0*p + 6*p**2 + 1 - 2*p + 8*p**2. What is the units digit of a(1)?
9
Let o = 9 + -6. Suppose -o*t = 2 + 19. Let z = t - -13. What is the units digit of z?
6
Let l be -3 - (1 - (1 + -3)). What is the units digit of (-1 - 3/6)*l?
9
Let l be (-4)/(-10)*-5*1. Let w(p) = p**3 + 4*p**2. Let n be w(-3). Let h = n + l. What is the units digit of h?
7
Let r be ((-2)/4)/(8/(-16)). Let j(i) = 10*i. Let x be j(r). What is the tens digit of (x - 4)/(2/5)?
1
Suppose a = z + 4, -5*z = 2*a + 3*a - 30. Suppose a*j - 12 = -52. Let y = j - -14. What is the units digit of y?
6
Let i be (-654)/14 - 6/21. Let x = -34 - i. What is the tens digit of x?
1
Suppose -x + 177 = 3*h - 295, 628 = 4*h + 2*x. What is the units digit of h?
8
Suppose 0 = -2*q - 1 + 5. Suppose 0*i = q*i. Suppose -v + 0 - 1 = -4*r, -4*v - 2*r + 14 = i. What is the units digit of v?
3
Let b = 12 + -7. What is the units digit of b?
5
Let l = 4 - 3. Let m be l + (2 - 1) - -3. Suppose -6*z + 28 = -3*z - d, 3*z = m*d + 8. What is the units digit of z?
1
Let g(n) = -n**3 + 14*n**2 - 9*n + 8. Let y be g(13). Suppose x = 5*x - y. What is the tens digit of x?
1
Suppose 2*j - 510 = -4*x, -251 = -2*x + j + 2*j. What is the hundreds digit of x?
1
Suppose 5*c = c + 664. Suppose -a - 3 = -4*a, 0 = 4*h - 2*a - c. What is the units digit of h?
2
What is the tens digit of ((-411)/(-6))/(1 - 2/4)?
3
Let g(b) = -7*b + 1. Let k(z) = 3*z. Let f(i) = -2*g(i) - 5*k(i). Let x be f(-4). Suppose -x*m - 2 + 14 = 0. What is the units digit of m?
6
Suppose 60 = a - 113. What is the tens digit of a?
7
Suppose -542 = 2*u - 6*u + t, -4*u + 2*t = -544. What is the units digit of u?
5
Let g be 0 - (2 - (2 - 0)). Suppose g*d - b + 22 = 2*d, -4*d = 5*b - 38. Let v = d + -3. What is the units digit of v?
9
Let w = 14 - -16. What is the tens digit of w?
3
Let g be 36/16*(-16)/(-3). Suppose -g - 12 = -2*n. What is the tens digit of n?
1
Let m = 16 - 4. Let j(v) = 2*v + 1. What is the units digit of j(m)?
5
Suppose -130 = -2*c - 3*c. What is the units digit of c?
6
Let c(f) = f**2 - 4*f. Let k be c(4). Suppose 5*x - 80 = -k*x. Suppose 3*a + 5*v + x = 0, -3*v - 7 = -4*a - 4*v. What is the units digit of a?
3
Suppose -x + 8 = 3. What is the units digit of x?
5
Let q = 5 - 2. Suppose 5*a - 12 = -3*